 + 30. Calculate the remainder when a is divided by l.
4
Suppose -1011 = -5*l - v, -2*l = -7*l + 5*v + 1035. Suppose 7*g - 3*g + 62 = x, l = 4*x - g. Let y = 71 - x. Calculate the remainder when 61 is divided by y.
19
Let f(d) = d**2 + 2*d - 6. Calculate the remainder when 64 is divided by f(-6).
10
Suppose 0 = 4*o + 6 - 22. Let l(z) = z**3 - 5*z**2 + 6*z - 2. What is the remainder when 17 is divided by l(o)?
5
Suppose -2*o - 4*b = -86, -4*b + 209 = -0*o + 5*o. What is the remainder when o is divided by 14?
13
Suppose 0*f + 2*k = -3*f + 31, -k + 48 = 4*f. What is the remainder when 51 is divided by f?
12
Let b = 32 - 18. What is the remainder when 166 is divided by b?
12
Suppose 2*m - 18 = -m. Calculate the remainder when 22 is divided by m.
4
Suppose 2*s + 2*s + 4*f = 40, -2*s + f = -8. What is the remainder when s is divided by 2?
0
Suppose -6 = 7*r - 5*r. What is the remainder when r/(-21) + (-41)/(-7) is divided by 3?
0
Suppose 4*u = -9 + 1. Let x be 6/3*u/(-2). Suppose -3*n + x*n + 10 = 0. Calculate the remainder when 17 is divided by n.
7
Let o(f) = -4*f**3 - 11*f**2 - 6*f + 7. Calculate the remainder when o(-4) is divided by 14.
13
Suppose -4*o = 5*p - o - 189, -3*o + 9 = 0. What is the remainder when p is divided by (26/(-4))/(2/(-4))?
10
Let p = -16 - -23. What is the remainder when 20 is divided by p?
6
Suppose -2*u + 18 = 5*x - 3*u, -4*x = 4*u. Suppose 3*i - 52 = -28. What is the remainder when (23/x)/(1/3) is divided by i?
7
What is the remainder when 17 is divided by (-3 - 3) + 2 - -14?
7
Let j be (-2)/(1/(-2) - 0). Suppose 2*d = j*z, -z = 5*d - 5*z + 24. Calculate the remainder when 23 is divided by 3*-1*d/3.
7
Let t = 7 + -14. Let d(z) = z**3 + 8*z**2 + 6*z + 4. Calculate the remainder when 21 is divided by d(t).
10
Let m(d) = -2*d + 18. Calculate the remainder when m(6) is divided by 3.
0
Let p be 1 - (0 + 0) - -4. Suppose -p*c = -c + 5*b - 111, 4*c + 4*b = 112. What is the remainder when c is divided by 2/(-16)*-10*8?
9
Let v(w) = 11*w**2 + 2*w. What is the remainder when 118 is divided by v(-2)?
38
Let u = -15 - -18. Suppose -3*k - u*x + 38 = 2*k, -k - 5*x + 12 = 0. Calculate the remainder when 27 is divided by k.
6
Let n(x) = x**3 + 8*x**2 - 9*x - 3. Let s be n(-9). What is the remainder when 31 is divided by s/(3/1) + 17?
15
Suppose -38 = -5*n + 2. What is the remainder when 28 is divided by n?
4
Suppose 0*q - 18 = -2*k - 4*q, -2*k + 12 = 2*q. Suppose k*r - r + 4*m = 20, -5*m - 10 = -r. Let b = r - 8. What is the remainder when 4 is divided by b?
0
Suppose -a + 3*f + 40 = 0, -2*f - 135 = -2*a - 51. Let s(u) = u**2 - 13*u - 15. Calculate the remainder when a is divided by s(15).
13
Let k(w) = 3*w + 38. Calculate the remainder when 29 is divided by k(-10).
5
Let b be 2/(-7) - (-16)/7. Suppose -b*y + 16 = -y. What is the remainder when 47 is divided by y?
15
Let k = 53 - 30. Suppose -16 + 1 = -3*r. Suppose r*c = -5*o + 70, 0*c - o + 26 = 2*c. Calculate the remainder when k is divided by c.
11
Calculate the remainder when 8 is divided by ((-4)/6)/((-2)/21).
1
Suppose 27*g = 77*g - 350. Let t = 68 + -32. Suppose -6*v + t = -3*v. Calculate the remainder when v is divided by g.
5
Let r(t) = 5*t - 4. What is the remainder when 78 is divided by r(4)?
14
Let r(d) = -2 + 3*d**2 - d**2 + 2*d + 0*d. Suppose -4*l - 24 = -2*y + y, 82 = 3*y - 2*l. Calculate the remainder when y is divided by r(2).
8
Calculate the remainder when 52 is divided by (-4)/(-18) + 160/9.
16
Suppose -n + 2*n = 8. Let k = 16 - n. Calculate the remainder when k is divided by 3.
2
Suppose -14 = 2*h - 4*t + 2, 0 = 5*h + 4*t - 30. Let o(q) = q + 4. Calculate the remainder when o(5) is divided by h.
1
Let i be 24*(-3)/6*1. Let h = i + 38. What is the remainder when 50 is divided by h?
24
Suppose 35 + 5 = 10*o. Calculate the remainder when 18 is divided by o.
2
Suppose -b + 2*p = -23, -4*b + 3*p + p = -92. Calculate the remainder when b is divided by 8.
7
Let h = 12 - 3. Let r(n) = n + 16. Calculate the remainder when r(h) is divided by 9.
7
What is the remainder when 26 is divided by 9 - (0 + -2 + 2)?
8
Let u be -4 + 2 - (-1 - 1). Let y(a) = -a**2 + a + 3. Let i be y(u). Calculate the remainder when 41 is divided by 13/1 + 3/i.
13
Let q(p) = p**3 - 17*p**2 + 16*p + 14. Calculate the remainder when q(16) is divided by 8.
6
Let y(h) be the third derivative of h**5/60 + h**4/4 - 3*h**3/2 + h**2. What is the remainder when 19 is divided by y(-8)?
5
Let l = 54 + -38. Calculate the remainder when 44 is divided by l.
12
Let p(m) = 9*m - 13. What is the remainder when 67 is divided by p(4)?
21
Let a(q) = 71*q**2 - 2*q. What is the remainder when a(1) is divided by 24?
21
Let m = 94 - 63. What is the remainder when m is divided by 8?
7
Suppose 0 = 3*w - 12, 2*w - 8 = -2*d + w. Suppose t + d*a = 13, -5*a + 43 = -2*t + 6*t. Calculate the remainder when 27 is divided by t.
6
Let v = 23 + -9. Let g be (-12)/7 - 4/14. Calculate the remainder when (-29)/(-3)*3 + g is divided by v.
13
Suppose 8*h - 104 = 4*h. What is the remainder when 48 is divided by h?
22
Suppose t - 5*i + 85 = 5*t, 5*i = -5*t + 110. Suppose -9 = 4*f - 61. What is the remainder when t is divided by f?
12
Let u(c) = 30*c + 9. What is the remainder when u(2) is divided by 24?
21
Suppose 0 = 5*l + 3*m - 8*m - 55, -4*l - 2*m + 50 = 0. Let b(p) = -p**3 - 5*p**2 - p + 5. Calculate the remainder when b(-6) is divided by l.
11
Let z(d) = d**3 + 5*d**2 + 9. Let s be z(-9). Let c = -217 - s. What is the remainder when c is divided by 25?
23
Calculate the remainder when 57 is divided by (-9 - 0)*10/(-3).
27
Let d(l) = l + 69. What is the remainder when d(22) is divided by 23?
22
Suppose 3*x = 2*x + 3. Let r = x - -4. Calculate the remainder when 27 is divided by r.
6
Suppose 11 + 74 = 5*j. What is the remainder when 67 is divided by j?
16
Let i = 6 + 13. Calculate the remainder when i is divided by 11.
8
Let v(x) = 92*x - 2. What is the remainder when v(1) is divided by 23?
21
Suppose -14*o + 20 = -12*o. Calculate the remainder when 39 is divided by o.
9
Suppose -3*w + 3*m = -27, 4*w + 7*m = 4*m + 22. What is the remainder when 12 is divided by w?
5
Suppose -2*c + 3*r = 1852, -2*c - 1880 = 4*r - 0*r. What is the remainder when c/(-20) - 8/(-20) is divided by 16?
15
Let k(v) = -v**2 + 9*v - 4. Let d be k(8). Suppose -3*b + 6*b = d*g - 9, -9 = 5*g + 3*b. Let c = g + 48. What is the remainder when c is divided by 17?
14
Let y = 12 + -8. Calculate the remainder when 18 is divided by y.
2
Let h = -33 + 42. Calculate the remainder when h is divided by 3.
0
Suppose -32 + 197 = 5*x. Suppose 8*z - 11*z = 0. Let j(g) = g + 12. Calculate the remainder when x is divided by j(z).
9
Suppose -x - x - 10 = 0, -2*v = -2*x - 24. Suppose 6*h - 12 = 3*h. What is the remainder when v is divided by h?
3
Suppose 45 = 3*v + 2*v. Calculate the remainder when 24 is divided by v.
6
Suppose v = -2*v + 6. Suppose -3*s + 1 = 2*q, 4*s = -0*q - q + 3. Suppose 10 = v*h + 4*w, h + w - s = 2. What is the remainder when 1 is divided by h?
0
Let c = 69 + -45. Suppose 72 = -4*g + c. Calculate the remainder when 41 is divided by g/(-3 + 2) - -2.
13
Suppose -5 = -5*j + 20. Suppose -2*b - 25 = 3*b, 17 = 4*v - b. Calculate the remainder when (j/(-4))/(2/(-8)) is divided by v.
2
Suppose 69 = 4*n + 9. Calculate the remainder when 44 is divided by n.
14
Suppose 0 = -2*p + p + 14. Let g(x) = 4*x**2 - 2*x - 3. Let t(m) = 2*m - 5. Let a be t(4). Calculate the remainder when g(a) is divided by p.
13
Let g = -6 + 30. Calculate the remainder when 71 is divided by g.
23
Let l(j) = j**3 + 6*j**2 - 5*j - 2. Let z be l(-7). Calculate the remainder when (-4 - 34)*3/(-6) is divided by (z/24)/((-4)/42).
5
Suppose 0 = -m - 2*p + 217, -3*m + 1040 = 2*m + p. Calculate the remainder when 41 is divided by m/18 - (-1)/(-2).
8
Let g(l) = -l**2 - 5*l + 5. Let r be g(-6). Let j = r - -5. What is the remainder when 5 is divided by j?
1
Let b = -37 + 58. Suppose -5*f - 7 = 3, -38 = 3*g + 4*f. Let w = b + g. Calculate the remainder when w is divided by 6.
5
Let h = -50 - -68. What is the remainder when 45 is divided by h?
9
Calculate the remainder when 2588/44 + ((-45)/55 - -1) is divided by 10.
9
Let u = -2 - -8. Let i(n) = n**2 + 7*n + 5. Calculate the remainder when i(u) is divided by 21